Let o(u) = 3 - 22*u**2 + 13*u + 29*u**2 + u. Let z(w) = 3*w**2 + 7*w + 1. Let q(l) = -4*o(l) + 9*z(l). Calculate q(6).
3
Suppose 3*p - 158 = p. Let u = 86 - p. Let a(n) = 2*n**3 + 7 - n**2 - u + 4*n**2. Give a(-2).
-4
Suppose -4*b + 6*b = 0. Let d(w) = -2*w**3 + b*w**3 + 6*w**3. Let f = 27 - 26. Give d(f).
4
Let z = 24 - 23. Let k be 4 - (12*1 + (z - 1)). Let q(m) = -m**2 - 7*m + 3. Give q(k).
-5
Let i(q) = -q**3 + 6*q**2 + 8*q - 1. Let d(v) = -v**3 + 5*v**2 + 7*v - 2. Let h(s) = 3*d(s) - 2*i(s). Let g = -79 + 49. Let z = g + 33. Give h(z).
11
Let j(s) = -s. Let w be j(-2). Let i = -915 - -922. Let z(b) = -i*b - b**2 - 95 + 92 - b**w. Calculate z(-5).
-18
Let x(y) = 2*y**2 - 2586 - 2579 - 2577 + 7731 - 54*y. Calculate x(27).
-11
Let o be (-2)/8*-4*(-4)/(-2). Suppose 18*y + o = 19*y. Let c be (y/(-11) + 209/484)*-4. Let d(r) = -3*r**2. What is d(c)?
-3
Let l(c) = c**3 - 11*c**2 + 10*c + 11. Let q be (-112)/(-8) + -8 - -3*1. Determine l(q).
-61
Let b = 7148 + -7136. Let w(t) = -2*t**3 + 25*t**2 - 13*t - 9. What is w(b)?
-21
Let x(c) = 9*c**2 + 2*c - 2. Let z(d) = -47*d**2 - 3*d + 10. Let y(w) = 10*x(w) + 2*z(w). Determine y(5).
-30
Suppose -2*r = 20 - 28. Suppose r*q = -11 - 1. Let x(w) = -54*w + 30*w - 1 + 19*w - 3. Calculate x(q).
11
Let n(j) be the third derivative of j**6/240 + j**5/120 + j**4/24 - j**3 + 67*j**2. Let d(s) be the second derivative of n(s). Let i = -2 - -5. Determine d(i).
10
Let j be (1/2)/((-262)/(-7336)). Let m(k) = k**2 - 14*k + 22. What is m(j)?
22
Let w(b) be the first derivative of -b**4/12 - 3*b**3/2 - 43*b**2/2 - 75. Let j(k) be the second derivative of w(k). Determine j(-7).
5
Let m(k) = 198*k + 3371. Let i be m(-17). Let o(v) = -4*v**2 - 9*v. Let t(n) = 3*n**2 + 8*n + 1. Let c(a) = -4*o(a) - 5*t(a). Determine c(i).
0
Let i(l) = l - 16. Let y(n) = -n**3 + 2*n**2 + 52*n - 173. Let z be y(5). Give i(z).
-4
Let o(l) = 28*l**3 - l**2 - 2*l - 1. Let i(x) = 138*x + 1241. Let p be i(-9). What is o(p)?
-28
Let d(m) = -3*m - 25. Let h(w) = -2*w + 29. Let c be h(19). Let g be d(c). Let a be (g - -1) + 1 + 0. Let k(f) = f**2 - 2*f - 1. Determine k(a).
7
Let d(s) = -s + 1. Let j = -191 + 195. Suppose 3*b = -5*c - 28, 5*b - 24 = j*b + 5*c. Determine d(b).
2
Let s be (3 - -2 - 4)*11. Let a(m) = -5 - m**2 - 2 + 10*m + 4*m - s. What is a(12)?
6
Let w(k) = k**3 + 8*k**2 + 4*k + 5. Suppose 5*i = -4*v - 47, -i - 129*v + 131*v = 1. Give w(i).
26
Suppose 0 = -12*m + 34*m. Let j be m/34*2/(-4) + 10. Let c(t) = -t**3 + 10*t**2 - t + 11. Determine c(j).
1
Let r = 29 + 15. Let z be -6*(-11)/(r/(-40)). Let l be 4/30 + -1*352/z. Let j(v) = v**3 - 6*v**2 + 6. Determine j(l).
6
Suppose -97*b = 42 + 55. Let z(f) = -8*f**3 - f**2 - 6*f - 4. Calculate z(b).
9
Let p(w) = 5*w + 5. Let r(i) = 4*i + 5. Let u be 18/(-4) - (-5)/(-20)*-2. Let y be -2 + 11 + ((-8)/u - 6). Let b(d) = y*p(d) - 6*r(d). Determine b(4).
-1
Let k(z) be the third derivative of z**6/120 + z**5/12 + z**4/24 + 11*z**3/6 - 12*z**2. Let p(m) = -3*m**2 + 67*m - 89. Let w be p(21). Calculate k(w).
6
Suppose -3*b + 18 = 27*i - 28*i, -27 = -b - 2*i. Let l(h) = 40*h - 360. Determine l(b).
0
Let f be (-3)/6 + 2/4. Suppose -12*j + 10*j - 4 = f. Let d be (0 + j - -5)*-1. Let m(h) = 2*h - 2. What is m(d)?
-8
Let b = 1923 + -1918. Let z(n) = 1 - 5*n**2 + 4 + 2*n - 14*n**3 - 14*n**3 + 29*n**3. Determine z(b).
15
Let p be (-4 - -4)/(-4) - 24. Let m be 1/((-4)/6 - 10/p). Let k(c) = -5*c**2 + 7*c. Let g(v) = -2*v**2 + 2*v. Let j(o) = 8*g(o) - 3*k(o). Give j(m).
4
Let l(g) be the third derivative of g**5/30 - 11*g**4/24 + g**3/6 + 1941*g**2. What is l(9)?
64
Let x = 27189 + -27198. Let z(l) = l**3 + 12*l**2 + 13*l + 2. What is z(x)?
128
Let k be -2 + -5 + (-17 - -33). Suppose 0 = y + 5*f - 4 - 3, 4*y + f = k. Let o(q) = -11*q. Give o(y).
-22
Let i(f) = f**2 + 2*f + 4. Suppose -72*u + 5010 = -82*u. Let s = -501 - u. What is i(s)?
4
Let n(t) = -4*t + 28. Let f be n(6). Let r be (1 + 13/(-5))*10/f. Let i(z) be the second derivative of z**5/20 + z**4/3 + z**3/2 - 2*z**2 - 7*z. Give i(r).
-16
Let a(l) = -89*l + 441. Let z be (-100)/(-125) - -14*(-12)/(-40). Calculate a(z).
-4
Let j(h) = 13*h + 174. Let n = 6118 + -6131. Determine j(n).
5
Let v(h) = h**3 + 5*h**2 + 14*h + 30. Suppose 183*f + 645 = 176 - 263. What is v(f)?
-10
Let y(p) = -p**3 + 2*p**2 + 3*p. Let z(a) = a**3 + 12*a**2 - 28*a + 3. Let x(m) = m**3 + m**2 - m - 1. Let k(t) = 2*x(t) - z(t). Let v be k(4). Determine y(v).
0
Let d(g) be the second derivative of g**4/12 - g**3/2 - 2*g**2 - 587*g. Let i(x) = -3*x + 6. Let y be i(6). Let k = -9 - y. Determine d(k).
-4
Let s(r) = 52*r**2 + 22*r - 15. Let l(c) = 113*c**2 + 45*c - 30. Let v(g) = -6*l(g) + 13*s(g). Calculate v(6).
9
Let v(y) be the third derivative of y**6/120 - y**5/12 - 13*y**4/24 + y**3/6 + 6*y**2 + 81*y. Suppose 0*n - 2 = n, -3*n = -w + 13. Give v(w).
8
Let a(j) = -19*j - 99. Let z be a(-6). Suppose -3*l = -z*l - 12. Let f(s) be the first derivative of -4*s**3/3 + s**2 + s - 8. What is f(l)?
-5
Suppose -16*c + 234 + 374 = 0. Suppose -3*b + 4*p + c = 0, 2*p - 71 = -5*b + p. Let j(m) = -m**3 + 15*m**2 - 15*m - 9. Give j(b).
-23
Let t(z) = -40*z**3 + 24*z**2 - 6*z + 15. Let x(b) = -37*b**3 + 23*b**2 - 5*b + 16. Let f(r) = 12*t(r) - 13*x(r). Give f(12).
32
Let c(v) = 2*v. Let w be c(-2). Let x(b) = -5*b**3 - 2*b**2 - 2*b + 139. Let s(u) = 27*u**3 + 9*u**2 + 11*u - 765. Let z(a) = -2*s(a) - 11*x(a). What is z(w)?
1
Let f(d) = -10*d + 3*d + 2 - 1 + 4. Let b(m) = 32*m - 26. Let r(p) = -3*b(p) - 14*f(p). Calculate r(8).
24
Let d(m) = m**3 - 29*m**2 - 3*m + 83. Let c be d(29). Let p(s) = -s**3 - 2*s**2 - 3. What is p(c)?
29
Let f(o) = 9*o - 13. Suppose 0 = -2*g + 2*x - 16, -4*g - x + 129 = 121. Calculate f(g).
-13
Let q be (-19 + 14)/(((-2)/2)/1). Let x(i) = -7*i**2 + 2 - 3*i + q*i - i. Give x(2).
-24
Let b(n) = -21*n - 23*n - 13*n - 30*n + 16 + 2*n**2 + 64*n. Calculate b(11).
5
Let i(y) = -16*y + 670. Let c be i(42). Let z(s) = -2*s + 10. Let m be z(5). Let w(n) = 3 + 0*n - 3*n**2 + 2*n + m*n. Determine w(c).
-13
Let h(c) = 428*c + 43. Let l(a) = -36*a - 1. Let n(j) = h(j) + 12*l(j). Calculate n(7).
3
Let c(g) = g**3 + g + 3. Let v(f) = -2*f + 43. Let m(a) = -a**2 - 10*a + 4. Let i be m(-8). Let s be v(i). Let h be (1 + s/1 + -4)/1. What is c(h)?
3
Suppose -153*r - 53*r = -5*r + 603. Let g(i) = 9*i - 2*i + 3 + 3*i**2 - 9*i. Let t(l) = -l**2. Let x(n) = g(n) + 5*t(n). Give x(r).
-9
Let t(s) be the second derivative of -s**5/20 + 17*s**4/12 + s**3/3 - 23*s**2/2 + 770*s. Calculate t(17).
11
Suppose 15*c + 132 = 19*c. Let l(x) = -68*x**3 + 2*x + c*x**3 + 36*x**3 - 2*x**2 + x**2 - 4. Determine l(2).
4
Let k(g) = -139*g + 3. Let p(i) = 167*i. Let r(t) = 6*k(t) + 5*p(t). Determine r(-28).
-10
Let d(l) = -l - 1. Let w(o) = 2*o**2 - o - 7. Let a(s) = -4*d(s) + w(s). Let r(f) = 2*f**2 - 55*f + 57. Let z be r(27). Suppose -11*j = 4*j - z. Give a(j).
11
Let y(m) = -7*m - 9. Let s be y(-2). Suppose -s*t - 6 = -4*v - 0*t, -22 = -4*v - 3*t. Let d(u) = u**2 - 6*u + 6. What is d(v)?
-2
Let l(j) = -j**2 - 2*j + 2. Let h be l(-4). Let u be (-13 - -16)/(h/(-4)). Let z(g) = 6*g + 6*g - 3*g**u + 2*g**2 - 3 - 11*g - g**3. What is z(0)?
-3
Suppose 3*b = 5*b + 2. Let h(w) = -142*w**2 + w + 1. Let q(v) = -152*v**2 + v + 1. Let k(g) = -17*h(g) + 16*q(g). Give k(b).
-18
Let u(m) be the third derivative of -m**6/120 - 7*m**5/30 - 13*m**4/24 + 17*m**3/6 + 3754*m**2. Calculate u(-13).
17
Let l(v) = -14*v - 51. Let b(c) = 21*c + 76. Let f(g) = 5*b(g) + 7*l(g). Let m = -449 + 445. What is f(m)?
-5
Let m(c) = -2*c**2 - 2*c - 3. Let o(x) = -7*x - 51. Let t be o(-8). Suppose -3*z + 0*s + 187 = t*s, 0 = 3*z - 2*s - 215. Let w = z + -71. What is m(w)?
-7
Let g(h) = -17*h + 6. Let u be (-354)/472 + 2/(-8). What is g(u)?
23
Let y = -204439/20 - -10222. Let v(x) be the second derivative of y*x**5 + 5/12*x**4 - 5/2*x**2 - 1/6*x**3 + 19*x + 0. Give v(-5).
0
Suppose -b - 4*n = n - 9, 5*b - 4*n - 16 = 0. Suppose b = 5*y + 14, 5*p - y = 17. Let l(s) = s**2 - 5*s. Determine l(p).
-6
Let a(n) = 9*n + 28. Let k(p) = -p**3 - 8*p**2 - 10*p + 13. Let y be k(-3). Determine a(y).
10
Let b(t) be the first derivative of -t**4/4 + t**3/3 + t + 8033. Suppose -a = 2*v + 2*a, 0 = -2*v - 2*a. What is b(v)?
1
Let m(g) = -g**2 + 6*g - 10. Let u 